{"id":61,"date":"2026-03-12T23:33:14","date_gmt":"2026-03-12T23:33:14","guid":{"rendered":"http:\/\/contapositiva.pt\/?page_id=61"},"modified":"2026-03-18T16:31:20","modified_gmt":"2026-03-18T16:31:20","slug":"services","status":"publish","type":"page","link":"https:\/\/www.contapositiva.pt\/?page_id=61","title":{"rendered":"Contabilidade"},"content":{"rendered":"\n\n\n<h2><strong>\n<\/strong><\/h2>\n\n\n<p data-start=\"184\" data-end=\"447\">Na nossa empresa prestamos um servi\u00e7o de contabilidade rigoroso, organizado e totalmente adaptado \u00e0s necessidades de cada cliente. Acompanhamos a gest\u00e3o financeira da sua empresa com transpar\u00eancia, garantindo o cumprimento de todas as obriga\u00e7\u00f5es legais e fiscais.<\/p>\n<p data-start=\"449\" data-end=\"695\">Disponibilizamos um conjunto completo de servi\u00e7os que incluem a an\u00e1lise e classifica\u00e7\u00e3o de documentos contabil\u00edsticos, processamento de sal\u00e1rios, reconcilia\u00e7\u00f5es banc\u00e1rias, factura\u00e7\u00e3o e elabora\u00e7\u00e3o de relat\u00f3rios de an\u00e1lise da actividade da empresa.<\/p>\n<p data-start=\"697\" data-end=\"911\">Tratamos tamb\u00e9m do processamento e entrega de mapas obrigat\u00f3rios, como os mapas de Seguran\u00e7a Social e o mapa de pessoal em formato inform\u00e1tico, assegurando que toda a informa\u00e7\u00e3o \u00e9 entregue dentro dos prazos legais.<\/p>\n<p data-start=\"913\" data-end=\"1125\">O nosso trabalho inclui ainda o fecho de contas, apuramento de resultados, gest\u00e3o de contas correntes de clientes e fornecedores, bem como o tratamento inform\u00e1tico de livros contabil\u00edsticos e registos de pessoal.<\/p>\n<p>\n\n\n\n<\/p><p data-start=\"1127\" data-end=\"1312\">Com um acompanhamento regular e personalizado, ajudamos os nossos clientes a ter uma vis\u00e3o clara da situa\u00e7\u00e3o financeira da empresa, contribuindo para uma gest\u00e3o mais eficiente e segura.<\/p>\n<p><br><\/p>\n\n\n\n\n\n\n<p>Lorem Ipsum has been the industry&#8217;s standard dummy text ever since the 1500s.<\/p>\n\n\n\n\n\n\n\n\n\n<h2>Com os nossos servi\u00e7os, ter\u00e1 o apoio de profissionais experientes e dedicados.<\/h2>\n<p>Fale j\u00e1 connosco, n\u00e3o perca tempo&#8230;<\/p>\n\n\n\n\n\n","protected":false},"excerpt":{"rendered":"","protected":false},"author":1,"featured_media":0,"parent":0,"menu_order":0,"comment_status":"closed","ping_status":"closed","template":"","meta":{"pagelayer_contact_templates":[],"_pagelayer_content":"","footnotes":""},"class_list":["post-61","page","type-page","status-publish","hentry"],"_links":{"self":[{"href":"https:\/\/www.contapositiva.pt\/index.php?rest_route=\/wp\/v2\/pages\/61","targetHints":{"allow":["GET"]}}],"collection":[{"href":"https:\/\/www.contapositiva.pt\/index.php?rest_route=\/wp\/v2\/pages"}],"about":[{"href":"https:\/\/www.contapositiva.pt\/index.php?rest_route=\/wp\/v2\/types\/page"}],"author":[{"embeddable":true,"href":"https:\/\/www.contapositiva.pt\/index.php?rest_route=\/wp\/v2\/users\/1"}],"replies":[{"embeddable":true,"href":"https:\/\/www.contapositiva.pt\/index.php?rest_route=%2Fwp%2Fv2%2Fcomments&post=61"}],"version-history":[{"count":18,"href":"https:\/\/www.contapositiva.pt\/index.php?rest_route=\/wp\/v2\/pages\/61\/revisions"}],"predecessor-version":[{"id":338,"href":"https:\/\/www.contapositiva.pt\/index.php?rest_route=\/wp\/v2\/pages\/61\/revisions\/338"}],"wp:attachment":[{"href":"https:\/\/www.contapositiva.pt\/index.php?rest_route=%2Fwp%2Fv2%2Fmedia&parent=61"}],"curies":[{"name":"wp","href":"https:\/\/api.w.org\/{rel}","templated":true}]}}