{"id":44,"date":"2026-03-12T23:33:08","date_gmt":"2026-03-12T23:33:08","guid":{"rendered":"http:\/\/contapositiva.pt\/?page_id=44"},"modified":"2026-03-18T15:54:53","modified_gmt":"2026-03-18T15:54:53","slug":"about","status":"publish","type":"page","link":"https:\/\/www.contapositiva.pt\/?page_id=44","title":{"rendered":"Sobre"},"content":{"rendered":"\n\n\n<p>Lorem Ipsum has been the industry&#8217;s standard dummy text ever since the 1500s.<\/p>\n\n\n\n\n\n\n<br>\n\n\n<br>\n\n\n<br>\n\n\n\n\n\n<h2>Sobre n\u00f3s<\/h2>\n\n<p data-start=\"205\" data-end=\"509\">A <strong data-start=\"207\" data-end=\"254\">Contipegoes \u2013 Contabilidade e Seguros, Lda.<\/strong> \u00e9 uma empresa com forte especializa\u00e7\u00e3o na \u00e1rea da <strong data-start=\"305\" data-end=\"358\">contabilidade, assessoria fiscal e apoio \u00e0 gest\u00e3o<\/strong>, tendo como principal objetivo apoiar empresas e particulares na organiza\u00e7\u00e3o e desenvolvimento das suas atividades com rigor, confian\u00e7a e proximidade.<\/p>\n<p data-start=\"511\" data-end=\"992\">Com <strong data-start=\"515\" data-end=\"541\">19 anos de experi\u00eancia<\/strong>, a empresa tem vindo a consolidar a sua atividade atrav\u00e9s de uma <strong data-start=\"607\" data-end=\"652\">equipa experiente e altamente qualificada<\/strong>, com profundo conhecimento do contexto empresarial e das necessidades dos seus clientes. Este know-how permite prestar um <strong data-start=\"775\" data-end=\"807\">acompanhamento personalizado<\/strong>, assegurando solu\u00e7\u00f5es eficientes em mat\u00e9rias de <strong data-start=\"856\" data-end=\"937\">contabilidade, fiscalidade, apoio administrativo e aconselhamento estrat\u00e9gico<\/strong>, contribuindo para uma gest\u00e3o mais segura e informada.<\/p>\n<p data-start=\"994\" data-end=\"1244\">Paralelamente, a Contipegoes desenvolve tamb\u00e9m atividade na \u00e1rea da <strong data-start=\"1062\" data-end=\"1085\">media\u00e7\u00e3o de seguros<\/strong>, trabalhando em parceria com diversas seguradoras para apresentar aos seus clientes <strong data-start=\"1170\" data-end=\"1243\">propostas ajustadas \u00e0s suas necessidades e com condi\u00e7\u00f5es competitivas<\/strong>.<\/p>\n<p data-start=\"1246\" data-end=\"1499\">A empresa disponibiliza ainda <strong data-start=\"1276\" data-end=\"1305\">servi\u00e7os de solicitadoria<\/strong>, prestando apoio em diversos procedimentos legais e administrativos, e integra um <strong data-start=\"1388\" data-end=\"1406\">Espa\u00e7o Cidad\u00e3o<\/strong>, facilitando o acesso da popula\u00e7\u00e3o a v\u00e1rios servi\u00e7os p\u00fablicos de forma r\u00e1pida e conveniente.<\/p>\n<p>\n\n\n\n<\/p><p data-start=\"1501\" data-end=\"1747\">Desta forma, a Contipegoes afirma-se como um <strong data-start=\"1546\" data-end=\"1600\">parceiro de confian\u00e7a para empresas e particulares<\/strong>, oferecendo um conjunto alargado de servi\u00e7os que combinam <strong data-start=\"1659\" data-end=\"1746\">compet\u00eancia t\u00e9cnica, proximidade no atendimento e solu\u00e7\u00f5es adaptadas a cada cliente<\/strong>.<\/p>\n\n\n\n\n<i class=\"fa fa-quote-left\"><\/i>\n\t\t\t\t\tPatr\u00edcia Pereira contabilista certificada na ordem dos contabilistas certificados com o n\u00ba 80651\n\t\t\t\t\t<i class=\"fa fa-quote-right\"><\/i>\n\n\n\n\n\n<p>A an\u00e1lise completa da carteira de seguros permite disponibilizar aos seus parceiros e clientes as solu\u00e7\u00f5es e contratos mais adequados \u00e0s suas necessidades. Desta forma, \u00e9 poss\u00edvel apresentar diferentes op\u00e7\u00f5es entre v\u00e1rias seguradoras, garantindo liberdade de escolha e beneficiando do aconselhamento especializado dos nossos colaboradores para encontrar as melhores condi\u00e7\u00f5es do mercado, tanto ao n\u00edvel de pre\u00e7o como de cobertura de riscos.<\/p>\n\n<p>A nossa equipa encontra-se totalmente dispon\u00edvel para prestar qualquer esclarecimento adicional ou realizar simula\u00e7\u00f5es que ajudem a identificar a solu\u00e7\u00e3o mais adequada para cada situa\u00e7\u00e3o.<\/p>\n\n\n\n<p>Lorem Ipsum has been the industry&#8217;s standard dummy text ever since the 1500s.<\/p>\n\n\n","protected":false},"excerpt":{"rendered":"","protected":false},"author":1,"featured_media":0,"parent":0,"menu_order":0,"comment_status":"closed","ping_status":"closed","template":"","meta":{"pagelayer_contact_templates":[],"_pagelayer_content":"","footnotes":""},"class_list":["post-44","page","type-page","status-publish","hentry"],"_links":{"self":[{"href":"https:\/\/www.contapositiva.pt\/index.php?rest_route=\/wp\/v2\/pages\/44","targetHints":{"allow":["GET"]}}],"collection":[{"href":"https:\/\/www.contapositiva.pt\/index.php?rest_route=\/wp\/v2\/pages"}],"about":[{"href":"https:\/\/www.contapositiva.pt\/index.php?rest_route=\/wp\/v2\/types\/page"}],"author":[{"embeddable":true,"href":"https:\/\/www.contapositiva.pt\/index.php?rest_route=\/wp\/v2\/users\/1"}],"replies":[{"embeddable":true,"href":"https:\/\/www.contapositiva.pt\/index.php?rest_route=%2Fwp%2Fv2%2Fcomments&post=44"}],"version-history":[{"count":15,"href":"https:\/\/www.contapositiva.pt\/index.php?rest_route=\/wp\/v2\/pages\/44\/revisions"}],"predecessor-version":[{"id":323,"href":"https:\/\/www.contapositiva.pt\/index.php?rest_route=\/wp\/v2\/pages\/44\/revisions\/323"}],"wp:attachment":[{"href":"https:\/\/www.contapositiva.pt\/index.php?rest_route=%2Fwp%2Fv2%2Fmedia&parent=44"}],"curies":[{"name":"wp","href":"https:\/\/api.w.org\/{rel}","templated":true}]}}